s the ten thousands digit of 4769655?
6
What is the units digit of 12379?
9
What is the ten thousands digit of 577321?
7
What is the ten thousands digit of 1874069?
7
What is the units digit of 9525255?
5
What is the hundreds digit of 6515848?
8
What is the ten thousands digit of 4925633?
2
What is the ten thousands digit of 5066427?
6
What is the hundreds digit of 637883?
8
What is the tens digit of 400107?
0
What is the hundreds digit of 4959362?
3
What is the hundred thousands digit of 32264046?
2
What is the hundred thousands digit of 23697568?
6
What is the hundred thousands digit of 440927?
4
What is the ten thousands digit of 1086696?
8
What is the thousands digit of 7182648?
2
What is the ten thousands digit of 5144747?
4
What is the millions digit of 1000937?
1
What is the ten thousands digit of 464675?
6
What is the ten thousands digit of 15420131?
2
What is the hundreds digit of 1565153?
1
What is the thousands digit of 715893?
5
What is the thousands digit of 105918?
5
What is the units digit of 1070797?
7
What is the tens digit of 2951245?
4
What is the ten thousands digit of 3274328?
7
What is the millions digit of 3619692?
3
What is the hundreds digit of 1797133?
1
What is the hundreds digit of 295847?
8
What is the millions digit of 3572975?
3
What is the hundred thousands digit of 1020879?
0
What is the thousands digit of 592744?
2
What is the ten thousands digit of 8069111?
6
What is the thousands digit of 1727329?
7
What is the tens digit of 5116367?
6
What is the ten thousands digit of 174362?
7
What is the hundreds digit of 4032520?
5
What is the ten thousands digit of 399642?
9
What is the hundred thousands digit of 258425?
2
What is the units digit of 127312?
2
What is the tens digit of 259534?
3
What is the ten thousands digit of 4208246?
0
What is the tens digit of 751214?
1
What is the ten thousands digit of 319058?
1
What is the units digit of 623360?
0
What is the tens digit of 2725102?
0
What is the thousands digit of 14868?
4
What is the hundreds digit of 5132691?
6
What is the hundred thousands digit of 5206267?
2
What is the units digit of 711042?
2
What is the units digit of 11246134?
4
What is the millions digit of 41216867?
1
What is the hundreds digit of 113560?
5
What is the units digit of 59521?
1
What is the units digit of 487863?
3
What is the hundred thousands digit of 2014191?
0
What is the tens digit of 3440681?
8
What is the units digit of 2099754?
4
What is the hundred thousands digit of 716860?
7
What is the tens digit of 4120227?
2
What is the hundred thousands digit of 24467755?
4
What is the tens digit of 8666073?
7
What is the tens digit of 7529207?
0
What is the hundreds digit of 9262197?
1
What is the thousands digit of 21489?
1
What is the thousands digit of 547562?
7
What is the ten thousands digit of 30944816?
4
What is the hundred thousands digit of 125547?
1
What is the ten thousands digit of 319616?
1
What is the tens digit of 6983?
8
What is the units digit of 6920079?
9
What is the units digit of 187916?
6
What is the hundreds digit of 484113?
1
What is the units digit of 12186582?
2
What is the millions digit of 2375213?
2
What is the hundreds digit of 4519?
5
What is the thousands digit of 26141?
6
What is the hundreds digit of 7508355?
3
What is the tens digit of 1667963?
6
What is the ten thousands digit of 40478?
4
What is the hundreds digit of 2606553?
5
What is the tens digit of 614290?
9
What is the hundreds digit of 9690235?
2
What is the hundred thousands digit of 24378028?
3
What is the units digit of 5059955?
5
What is the hundreds digit of 302919?
9
What is the thousands digit of 3311062?
1
What is the tens digit of 27498704?
0
What is the ten thousands digit of 1647569?
4
What is the ten thousands digit of 549372?
4
What is the units digit of 1342996?
6
What is the ten thousands digit of 2150837?
5
What is the hundred thousands digit of 7101528?
1
What is the tens digit of 374041?
4
What is the thousands digit of 249821?
9
What is the hundreds digit of 4486991?
9
What is the hundred thousands digit of 628807?
6
What is the units digit of 11166131?
1
What is the units digit of 17045093?
3
What is the tens digit of 494977?
7
What is the tens digit of 17174441?
4
What is the hundred thousands digit of 18439880?
4
What is the units digit of 923619?
9
What is the hundreds digit of 138184?
1
What is the thousands digit of 129430?
9
What is the tens digit of 22684792?
9
What is the millions digit of 6385816?
6
What is the thousands digit of 21437975?
7
What is the units digit of 14854546?
6
What is the units digit of 11996?
6
What is the hundreds digit of 628621?
6
What is the tens digit of 19081578?
7
What is the millions digit of 21493011?
1
What is the units digit of 568427?
7
What is the units digit of 10842180?
0
What is the hundreds digit of 12192837?
8
What is the thousands digit of 286541?
6
What is the millions digit of 5159253?
5
What is the thousands digit of 46058?
6
What is the millions digit of 18186870?
8
What is the tens digit of 27929236?
3
What is the thousands digit of 347422?
7
What is the millions digit of 9723282?
9
What is the ten thousands digit of 242577?
4
What is the units digit of 192190?
0
What is the ten thousands digit of 427785?
2
What is the thousands digit of 1161764?
1
What is the millions digit of 2164387?
2
What is the hundred thousands digit of 1968668?
9
What is the hundred thousands digit of 4588500?
5
What is the ten thousands digit of 3568030?
6
What is the thousands digit of 677684?
7
What is the units digit of 262064?
4
What is the hundred thousands digit of 426163?
4
What is the tens digit of 2309374?
7
What is the ten thousands digit of 988050?
8
What is the ten thousands digit of 18819?
1
What is the millions digit of 2432568?
2
What is the thousands digit of 8798000?
8
What is the units digit of 3028291?
1
What is the hundred thousands digit of 405954?
4
What is the ten thousands digit of 1156429?
5
What is the ten millions digit of 21752606?
2
What is the units digit of 73316?
6
What is the tens digit of 283568?
6
What is the ten thousands digit of 1014921?
1
What is the millions digit of 1054530?
1
What is the hundreds digit of 13232302?
3
What is the ten thousands digit of 2097188?
9
What is the ten thousands digit of 2800659?
0
What is the millions digit of 5597880?
5
What is the hundred thousands digit of 369766?
3
What is the ten millions digit of 40961776?
4
What is the ten thousands digit of 1303024?
0
What is the tens digit of 2017236?
3
What is the units digit of 358142?
2
What is the millions digit of 3169516?
3
What is the ten thousands digit of 10311824?
1
What is the ten thousands digit of 7134774?
3
What is the millions digit of 5712049?
5
What is the tens digit of 2436184?
8
What is the thousands digit of 16584745?
4
What is the units digit of 186524?
4
What is the hundred thousands digit of 9209474?
2
What is the hundred thousands digit of 7037805?
0
What is the millions digit of 4851781?
4
What is the ten thousands digit of 471307?
7
What is the thousands digit of 2749612?
9
What is the tens digit of 4508767?
6
What is the hundreds digit of 8747843?
8
What is the hundreds digit of 6860926?
9
What is the hundreds digit of 59973?
9
What is the units digit of 5720095?
5
What is the units digit of 594712?
2
What is the tens digit of 780452?
5
What is the hundred thousands digit of 1174496?
1
What is the hundreds digit of 69463?
4
What is the ten thousands digit of 287496?
8
What is the millions digit of 30861889?
0
What is the thousands digit of 509851?
9
What is the units digit of 2022883?
3
What is the hundreds digit of 30723?
7
What is the hundreds digit of 13871680?
6
What is the hundreds digit of 2662429?
4
What is the units digit of 895802?
2
What is the thousands digit of 476394?
6
What is the hundreds digit of 371936?
9
What is the hundreds digit of 2094147?
1
What is the thousands digit of 21308697?
8
What is the thousands digit of 4068264?
8
What is the thousands digit of 67171?
7
What is the hundreds digit of 60275?
2
What is the hundred thousands digit of 3516603?
5
What is the ten thousands digit of 3316500?
1
What is the ten thousands digit of 213578?
1
What is the tens digit of 27598842?
4
What is